r.
3
Let f(n) = 2*n + 8. Let l be f(5). Calculate the greatest common divisor of l and 9.
9
Let s(v) = 4*v**2 - 4*v - 7. Let o be s(-6). Let j = o - 95. Calculate the greatest common divisor of j and 44.
22
Let n(h) = -75*h - 11 + 0 + 288*h. Let v(g) = -142*g + 7. Let p(f) = 5*n(f) + 8*v(f). Let w be p(-2). Calculate the highest common divisor of w and 13.
13
Let b be (-2)/(((-12)/9)/2). Let m be -1*(-4 + b)*1. What is the greatest common factor of m and 3?
1
Let p = 27 + 35. Suppose -3*s + 210 = 3*r - 6*s, -r + p = s. What is the greatest common factor of 6 and r?
6
Let p(o) be the second derivative of -7*o**3/6 - o**2/2 - o. Let n be (-4 + 27/6)*-2. Let k be p(n). What is the greatest common divisor of k and 6?
6
Suppose 3*l - 80 = k - 3*k, 2*l = -k + 52. Suppose 0 = -0*u - 2*u + 96. What is the highest common factor of l and u?
24
Let i(a) be the third derivative of a**5/10 - a**4/12 - a**3/3 + a**2. Let c be i(2). What is the greatest common factor of 6 and c?
6
Let f be (1/2)/(1/54). Let c = -9 + f. Suppose -u + 4*u - c = 0. What is the greatest common factor of u and 18?
6
Let r = -138 + 150. What is the greatest common divisor of 48 and r?
12
Let x be (-1 - 0)/((-5)/(-15)). Let l be x*(1 + 38/(-6)). Suppose -168 = -c + 4*f, -3*c + c = -2*f - 348. Calculate the greatest common factor of c and l.
16
Suppose -s + 0*s = 4, -8 = c + 5*s. What is the highest common divisor of c and 132?
12
Suppose -2*x + 25 + 63 = 0. Calculate the greatest common divisor of 33 and x.
11
Suppose -11*p - 412 = -1897. Calculate the greatest common divisor of p and 30.
15
Let a be 5/((9/36)/(3/4)). What is the highest common factor of a and 15?
15
Suppose -4*q + 6*q - 40 = 0. Calculate the highest common factor of 80 and q.
20
Let v = -2 - -12. Let q = 15 + v. Calculate the highest common divisor of 5 and q.
5
Let c = -1 - -3. Suppose -3*a - 4*l - c = -a, a + 10 = -5*l. What is the highest common divisor of a and 10?
5
Let j be (-4)/8 + 17/2. Suppose 5*s - 17 = 2*b + b, 4*b - 5*s = -16. Let f be (2*(0 - b))/(-2). Calculate the highest common factor of j and f.
1
Suppose 3 = -f - q + 1, 2*f - q = 8. Let o be 25/(1 - f - -2). Calculate the greatest common divisor of 10 and o.
5
Suppose -11*l + 10*l = -28. Calculate the greatest common divisor of l and 70.
14
Let r be ((-4)/12)/(1/(-51)). Calculate the greatest common factor of 187 and r.
17
Suppose -4 = -2*b + 6. Suppose -b*t = -3*t - 12. Calculate the highest common divisor of t and 6.
6
Let u = 94 - 77. Calculate the greatest common factor of u and 1.
1
Suppose 3*d + 17 = l - 0*d, 3*l + 4*d = -14. Suppose l*c + 2 = 6. What is the highest common factor of 14 and c?
2
Suppose -12*d + 4*d + 288 = 0. Calculate the highest common divisor of d and 12.
12
Suppose -7*w + 36 = -3*w. Suppose 5*z = -2*l + 33, -5*z = 4*l - 5*l - 6. Calculate the greatest common divisor of l and w.
9
Suppose -2*v + 12 = -0*v + 5*b, -12 = -2*v - b. Let k = 52 - 84. Let y be (-3)/(0 + v)*k. What is the highest common divisor of 40 and y?
8
Let d(s) = s + 14. Let o be d(-6). What is the greatest common divisor of 32 and o?
8
Let y be 1/((-2)/26) - 1. Let z = -5 - y. Suppose 3*l - 28 = -l - 2*p, 0 = -2*l + 3*p + 30. What is the highest common divisor of l and z?
9
Suppose -b + 2*b = 7. Let j = 8 - 10. Let f be (-1 - -3) + 3 - j. Calculate the greatest common factor of f and b.
7
Suppose -13*s = -15*s + 28. What is the highest common factor of 14 and s?
14
Suppose 3*y = -1 - 5. Let p = 2 + y. Suppose 5*b - 15 = 4*q, 4*q = -p*q. Calculate the greatest common factor of b and 6.
3
Suppose 56 = 2*z + 2*z. Suppose -2*k - 8 = y - 6*y, 2*k - 2*y = -2. Let s be k/(-3) + (-170)/(-6). Calculate the greatest common factor of z and s.
14
Let p(q) be the third derivative of q**4/12 - 2*q**3 - 2*q**2. Let s = 2 - -6. Let g be p(s). Calculate the highest common factor of g and 8.
4
Let x = 11 - 4. Let w = x + 38. What is the highest common divisor of 5 and w?
5
Suppose -5*n = 5*o - 325, 0 = -0*o - 3*o + 15. Suppose -s = -3*s + n. Let m = 268 + -223. Calculate the greatest common divisor of m and s.
15
Suppose 3*s - 3*h - 4 = 2*s, 12 = 3*s + 4*h. Suppose 3*k - 15 = 0, 14 = 4*i + 2*k - s*k. What is the greatest common factor of 30 and i?
6
Let a(t) = -t + 11. Let b be a(-17). Calculate the greatest common factor of 14 and b.
14
Let s be (-742)/(-4) - 2/4. Suppose 3*z = 5*y + 356, 0 = -3*y + 5*z - 0*z - 204. Let h = y + s. What is the highest common factor of h and 16?
16
Let p(o) = o**2 + 9*o + 12. Let w(z) = -z - 16. Let m be w(-7). Let n be p(m). Calculate the highest common divisor of 8 and n.
4
Let l(r) = -r**3 + 5*r**2 + 3*r + 4. Let c be ((-10)/4)/(2/(-4)). Let o be l(c). Calculate the greatest common divisor of 95 and o.
19
Suppose 2*d + 2*h - 58 = 0, 14 = -5*h - 11. Let k = 31 - 14. Calculate the greatest common factor of d and k.
17
Suppose -2*i + 28 = -3*l, 3*i + 3*l - 68 = l. What is the greatest common factor of i and 5?
5
Let o = 5 - 6. Let j be o/4 - (-114)/8. What is the highest common factor of j and 70?
14
Let a = -5 + 1. Let s be a/(-2 - 3/(-2)). Let p = -9 + 17. What is the highest common factor of p and s?
8
Let f be ((-1)/2)/(3/6). Let x be 8 - (2 + -3 + f). Let s be (-63)/(-15) + (-2)/x. What is the highest common factor of s and 12?
4
Let l = 67 + -28. Suppose 9 = -3*s + l. What is the greatest common divisor of 80 and s?
10
Let c be 0 + 1 - 12/4. Let l be (14/4)/(c/(-52)). Let z = -7 + l. Calculate the greatest common divisor of 12 and z.
12
Let f = 3 + -2. Suppose 5*j - 3*r = -29, -4*r = -2*j - 7*r + f. Let y = 25 + j. Calculate the highest common factor of 14 and y.
7
Let q be 7/(28/8)*4. What is the highest common divisor of q and 40?
8
Let x = 4 + -1. Suppose -2*c + 1 = x*d, c + c = -5*d + 7. Let f = 12 + c. What is the highest common divisor of 8 and f?
8
Suppose -2*l = 29 - 157. Calculate the highest common divisor of 16 and l.
16
Let q(g) = g**2 + 10*g - 8. Let u be q(-10). Let l be u/28 + 4712/28. What is the greatest common divisor of 24 and l?
24
Suppose x - 6 = 20. Suppose -x + 4 = -2*p. Calculate the highest common factor of 22 and p.
11
Let z be 0/(-7) - (-1 + -1). Suppose z*p - 2 = 20. Suppose -2*r - r = -99. Calculate the highest common factor of p and r.
11
Suppose -2*p - z + 27 = -311, 0 = -p + 3*z + 162. What is the highest common factor of p and 21?
21
Let z(y) = -y - 9. Let d be z(-4). Let g be (-2)/d - (-3626)/35. What is the highest common divisor of g and 13?
13
Let l be ((-10)/(-6))/((-5)/(-15)). Let q(k) be the third derivative of -k**4/24 + k**3 - k**2. Let t be q(l). Calculate the highest common factor of 11 and t.
1
Suppose 3*l - 114 = -3*o, 0*o + 104 = 3*o - 2*l. Suppose -2*s - s + 4*w + o = 0, -3*s + 51 = w. Calculate the highest common divisor of s and 2.
2
Suppose -25*r - 48 = -28*r. What is the highest common factor of 272 and r?
16
Let h(d) = 20*d - 7. Let k be 52/6 + (-8)/12. Let q be h(k). What is the greatest common divisor of 17 and q?
17
Let r(n) be the third derivative of 0*n**3 - 3*n**2 + 0 + 1/12*n**4 + 1/60*n**5 + 0*n. Let j be r(-4). Calculate the greatest common divisor of 72 and j.
8
Let s(m) = 58*m**2 - 4*m - 2. Let o be s(-1). Calculate the greatest common factor of 12 and o.
12
Let o(k) = -k**2 + 17*k + 18. Let f be o(10). Calculate the greatest common divisor of f and 11.
11
Let c be (-1)/4 - (-2)/8. Let v be 39 + c*1/4. What is the greatest common divisor of 26 and v?
13
Let t(w) = -w**2 + 4*w + 7. Let m be t(5). Let u be (15 + m)*(12 - 2). Calculate the highest common divisor of 17 and u.
17
Suppose 10*r - 11*r = -12. Suppose 2*w - 3*w = -30. What is the highest common factor of r and w?
6
Suppose 2*l + 630 = 5*q, -2*q - l + 252 = -0*q. Suppose -2*c + 21 = -4*m - 11, 5*c + 4*m = 66. Calculate the highest common divisor of q and c.
14
Let n be (-6)/(-21) + 2685/35. What is the highest common divisor of n and 7?
7
Let r be (10 - 2)*9/12. Let j = 7 + r. Calculate the greatest common divisor of j and 143.
13
Let x be (2/4)/((-2)/(-36)). Suppose 5*n = -p - 24, -3*p + n + x - 1 = 0. What is the highest common factor of p and 1?
1
Suppose -3*h = 2*i - 66, 2*h = -5*i - 3*h + 160. Calculate the greatest common divisor of 6 and i.
6
Let i = 91 + -62. What is the greatest common divisor of i and